(g) = -g**3 + 29*g**2 - 199*g - 90. Calculate f(17).
-5
Let u(d) = d + 286. What is u(-27)?
259
Let d(g) = 3*g**2 + 212*g + 982. Give d(-5).
-3
Let p(b) = b**3 + 38*b**2 + 4*b + 23. Calculate p(-38).
-129
Let v(o) = o**3 - 6*o**2 - 300*o + 1217. Give v(4).
-15
Let q(u) = -37*u + 946. Give q(26).
-16
Let a(s) = 6*s**3 - 33*s**2 + 27*s - 65. Calculate a(5).
-5
Let c(k) = 4*k - 111. Calculate c(24).
-15
Let k(q) = 2*q**3 + 11*q**2 + 41*q + 44. Determine k(-7).
-390
Let m(j) = 38*j - 547. What is m(14)?
-15
Let y(m) = -m**2 + 23*m - 92. Calculate y(4).
-16
Let q(z) = 16*z**2 - 129*z + 118. Give q(8).
110
Let f(t) = t**3 + 83*t**2 - 462*t + 116. Give f(5).
6
Let c(b) = -6*b**3 - 28*b**2 + 38*b + 141. Give c(-5).
1
Let u(r) = 302*r - 3940. Give u(13).
-14
Let q(f) = -f**3 + 7*f**2 - 28*f + 293. What is q(9)?
-121
Let t(h) = -h**2 - 103*h + 1491. Calculate t(-116).
-17
Let u(h) = 4*h**2 + 17*h - 51. Give u(-6).
-9
Let p(q) = 8*q**2 - 24*q + 11. Determine p(-5).
331
Let d(j) = -j**2 - 9*j + 339. Calculate d(14).
17
Let u(i) = 242*i - 1946. What is u(8)?
-10
Let v(x) = -x - 64. Give v(-9).
-55
Let m(i) = i**2 + 66*i - 2163. What is m(-90)?
-3
Let c(k) = k**2 - 141*k + 1291. What is c(10)?
-19
Let t(h) = -h**2 - 97*h + 315. Calculate t(-105).
-525
Let k(n) = 242*n - 47454. Give k(196).
-22
Let k(n) = -n - 59. Give k(-40).
-19
Let w(k) = k**3 - 34*k**2 - 40*k + 70. Calculate w(35).
-105
Let u(c) = -c**2 + 43*c + 145. Give u(0).
145
Let u(o) = -o**2 + 121*o + 5586. Give u(156).
126
Let g(v) = -v**2 - 13*v - 8. Determine g(-20).
-148
Let f(c) = 5*c**2 - c - 64. Calculate f(0).
-64
Let d(r) = -r**3 - 20*r**2 - 69*r - 54. What is d(-15)?
-144
Let u(a) = 22*a + 14. Determine u(7).
168
Let n(t) = -123*t - 941. Give n(-11).
412
Let u(x) = x**3 + 21*x**2 - 33*x + 340. What is u(-23)?
41
Let b(y) = 22*y - 15. Give b(-1).
-37
Let o(x) = 4*x + 150. What is o(-7)?
122
Let w(d) = 736*d + 231110. Calculate w(-314).
6
Let b(f) = f**3 - 45*f**2 - 12*f + 548. Determine b(45).
8
Let x(y) = 987*y + 168793. Calculate x(-171).
16
Let a(s) = -s**2 + 61*s - 567. Calculate a(48).
57
Let x(s) = -662*s - 3. What is x(0)?
-3
Let f(k) = 4*k + 17. What is f(-32)?
-111
Let w(f) = -3*f**2 + 3. Calculate w(-3).
-24
Let x(y) = y**2 + 54*y + 438. Calculate x(-44).
-2
Let p(l) = -l**3 - 17*l**2 - 23*l - 114. Calculate p(-16).
-2
Let x(m) = 5505*m - 11020. What is x(2)?
-10
Let u(v) = 2*v**2 - 106*v - 975. What is u(-8)?
1
Let j(a) = 6*a + 22. Give j(-23).
-116
Let o(c) = 6*c**2 - 46*c + 322. What is o(10)?
462
Let i(f) = 6*f**2 + 23*f + 1. What is i(-4)?
5
Let w(j) = 693*j - 9540. What is w(14)?
162
Let u(a) = 56*a - 331. Give u(5).
-51
Let f(z) = -64*z**2 - 10*z + 22. Give f(2).
-254
Let v(c) = -655*c - 13155. Calculate v(-20).
-55
Let z(x) = 2*x**2 - 25*x - 24. What is z(16)?
88
Let h(c) = c**2 + 3586*c + 10757. Calculate h(-3).
8
Let n(p) = -5*p**2 - 8*p + 87. Determine n(-6).
-45
Let f(j) = j**2 - 156*j + 3060. What is f(23)?
1
Let k(i) = 106*i**3 - 4*i + 3. Give k(1).
105
Let i(w) = -7*w**2 + 109*w - 204. What is i(13)?
30
Let k(f) = -379*f - 5. Give k(0).
-5
Let m(j) = -25*j - 4. Determine m(5).
-129
Let a(t) = 23*t - 106. What is a(-11)?
-359
Let x(l) = l**3 + 81*l**2 + 938*l + 13. Give x(-67).
13
Let y(a) = -3*a**3 - 56*a**2 + 25*a + 72. Calculate y(-19).
-42
Let g(s) = 5*s**3 + 15*s**2 - 93*s - 23. Calculate g(5).
512
Let y(j) = -j**2 - 17*j - 38. What is y(-19)?
-76
Let p(h) = 165*h - 166. Give p(1).
-1
Let n(q) = -8*q**3 - 25*q**2 - 10*q - 45. What is n(-3)?
-24
Let r(o) = o**2 + 6*o - 61. Calculate r(9).
74
Let i(n) = 34*n - 313. Calculate i(19).
333
Let c(m) = -6*m**3 - 17*m**2 - 6*m + 6. What is c(-2)?
-2
Let q(b) = 2*b**2 - 179*b + 273. Give q(88).
9
Let f(n) = n**3 + 6*n**2 - 19*n - 27. Determine f(5).
153
Let k(m) = 104*m - 2546. Calculate k(24).
-50
Let c(m) = 3*m**2 - 5*m - 174. Give c(-7).
8
Let r(h) = 1086*h + 22805. Give r(-21).
-1
Let m(j) = 3*j**3 + 4*j**2 - 33*j + 21. Calculate m(6).
615
Let u(l) = 138*l + 378. Give u(-6).
-450
Let x(z) = 36*z + 253. Determine x(-8).
-35
Let d(u) = u**3 - 22*u**2 - 26*u + 24. Calculate d(23).
-45
Let d(o) = -2*o**2 + 26*o + 479. Calculate d(-12).
-121
Let g(z) = -6*z**3 - 12*z**2 + 20*z - 2. What is g(2)?
-58
Let c(b) = 3*b**2 + 2782*b - 11118. Give c(4).
58
Let i(t) = -4*t**2 + 15*t + 757. Determine i(-12).
1
Let f(l) = -l**3 + 6*l**2 + 36*l + 65. Calculate f(10).
25
Let j(d) = d**3 - 9*d**2 - 22*d + 63. Give j(9).
-135
Let u(h) = h**2 + 27*h + 89. What is u(-5)?
-21
Let l(k) = -3*k**2 - 797*k + 2688. Calculate l(-269).
-2
Let m(r) = -56*r + 49. What is m(1)?
-7
Let s(w) = 23*w - 564. Give s(25).
11
Let w(l) = 2*l**2 - 84*l - 33. Give w(44).
143
Let z(h) = -3*h**3 + 35*h + 1. Calculate z(-5).
201
Let d(p) = p**3 - 79*p**2 + 321*p - 1576. Give d(75).
-1
Let c(l) = 36*l - 81. Determine c(2).
-9
Let p(k) = -4*k**2 - 21*k + 121. Calculate p(7).
-222
Let b(z) = 5*z**3 - 756*z**2 + 153*z - 309. What is b(151)?
-7
Let m(t) = -3*t**3 - 442*t**2 - 157*t - 1455. Determine m(-147).
15
Let z(n) = 5*n**3 - 33*n**2 - 20*n + 33. What is z(8)?
321
Let a(s) = -104*s + 681. Give a(6).
57
Let p(v) = -v**2 - 53*v + 714. What is p(11)?
10
Let m(i) = i**3 - 34*i**2 + 117*i + 95. What is m(30)?
5
Let b(f) = 4*f**2 + 60*f - 92. What is b(-17)?
44
Let n(u) = 347*u + 7636. What is n(-22)?
2
Let z(a) = 306*a + 1621. What is z(-5)?
91
Let y(l) = l**3 + 17*l**2 - 4*l + 50. What is y(-17)?
118
Let u(z) = z**3 + 171*z**2 - 365*z - 3283. Give u(-173).
4
Let s(k) = -3*k**2 - 149*k - 467. Calculate s(-46).
39
Let y(f) = -2*f**3 - 20*f**2 + 23*f + 1. Determine y(-11).
-10
Let v(g) = g**3 + 18*g**2 + 19*g + 71. Determine v(-14).
589
Let a(q) = -q**3 + 5*q**2 - 60*q + 403. Calculate a(6).
7
Let r(d) = 3*d**2 + 462*d - 2366. Calculate r(5).
19
Let j(z) = -z**3 + 18*z**2 - 84*z + 32. Calculate j(9).
5
Let f(c) = c**3 - 31*c**2 + 109*c - 19. Determine f(27).
8
Let l(r) = r**3 + 5*r**2 - 23*r. Determine l(-8).
-8
Let m(g) = -3*g**3 - 5*g**2 + 23*g + 47. What is m(-3)?
14
Let h(o) = 32*o + 511. What is h(-23)?
-225
Let j(k) = 313*k + 1562. Give j(-5).
-3
Let t(q) = -q**3 - 11*q**2 + 39*q - 35. What is t(-14)?
7
Let b(g) = g**3 - 17*g**2 + 69*g - 575. Calculate b(15).
10
Let m(b) = 1132*b + 4535. What is m(-4)?
7
Let h(y) = 7*y - 237. Calculate h(83).
344
Let n(x) = 2*x**2 - 27*x - 73. What is n(15)?
-28
Let u(o) = 46*o - 759. Calculate u(16).
-23
Let x(y) = -21*y - 441. What is x(-20)?
-21
Let n(v) = -9*v**2 + v + 52. Calculate n(4).
-88
Let o(m) = -71*m + 2905. What is o(41)?
-6
Let u(f) = 4*f**2 + 49*f + 112. What is u(-11)?
57
Let a(t) = 30*t + 727. Give a(-25).
-23
Let x(g) = 2*g**3 + 33*g**2 - 134*g + 122. Give x(-20).
2
Let i(h) = h**2 + 187*h - 10116. Give i(44).
48
Let n(g) = -g**3 - 108*g**2 - 107*g - 24. Determine n(-107).
-24
Let l(p) = 2*p**2 - 3*p + 11. What is l(5)?
46
Let p(z) = z**2 - 31*z + 157. What is p(28)?
73
Let x(m) = 2*m**3 - 12*m**2 - 70*m + 367. Calculate x(6).
-53
Let d(k) = -2*k**3 + 213*k**2 + 105*k + 217. Give d(107).
3
Let u(i) = i**3 - 22*i**2 - 36*i - 63. Give u(24).
225
Let z(r) = -2198*r - 17629. Calculate z(-8).
-45
Let z(v) = -6*v**2 - 21*v + 121. What is z(6)?
-221
Let i(k) = 6645*k - 112974. Give i(17).
-9
Let w(u) = -14*u + 13. Determine w(4).
-43
Let p(q) = 195*q - 583. What is p(3)?
2
Let w(i) = 32*i - 376. Determine w(12).
8
Let p(a) = a + 220. Give p(44).
264
Let k(g) = g**3 - 7*g**2 + 3*g - 27. What is k(7)?
-6
Let m(x) = 2*x - 34. Give m(13).
-8
Let p(h) = -h**2 - 128*h + 940. Determine p(7).
-5
Let x(d) = d**3 - 10*d**2 - 36*d + 15. Give x(10).
-345
Let q(s) = 35*s + 80. Calculate q(-4).
-60
Let o(f) = -4*f**2 + 12*f + 17. Give o(-6).
-199
Let y(z) = 1685*z + 50547. Calculate y(-30).
-3
Let g(k) = k**3 + 16*k**2 - 9*k + 8. What is g(-8)?
592
Let k(w) = 2958*w + 8863. Give k(-3).
-11
Let k(q) = 8*q - 129. What is k(11)?
-41
Let w(r) = 4*r**3 + 20*r**2 - 27*r - 3. Calculate w(-6).
15
Let a(k) = -57*k**2 - 28*k + 57. Determine a(2).
-227
Let m(n) = 14*n - 251. Calculate m(2).
-223
Let u(g) = 4*g - 33. Calculate u(14).
23
Let h(w) = -72*w + 1224. Determine h(17).
0
Let t(w) = -2*w + 13. Calculate t(-11).
35
Let f(j) = j**3 - 34*j**2 - 8*j + 1336. Determine f(33).
-17
Let l(y) = -y**2 - 71*y + 553. Determine l(-78).
7
Let k(